= f - 23. What are the prime factors of n?
2, 3
Suppose 5*z + y = 311 - 2224, 2*z + 772 = 3*y. Let d = -208 - z. List the prime factors of d.
5, 7
Let g be ((-12)/9 + 1)*-15. Suppose 2*l = 4*h + 40, 2*l + 5*h = 3 + 10. Suppose -g*f = -l + 4. List the prime factors of f.
2
Let p(l) = l**3 + 3*l**2 + 3*l. Let s be p(-2). Let d(q) = -q**2 - q - 2. Let t be d(2). Let f = s - t. What are the prime factors of f?
2, 3
Let s(j) = -93*j**2 + 2*j + 1. Let g be s(-1). Let p = -22 - g. Suppose -4*d = -0*d - p. What are the prime factors of d?
2, 3
Let s(a) = a**2 + 2*a - 1. Let m be s(-4). Let v(c) = 13 - 6 + 2*c - 5*c**3 - m. What are the prime factors of v(-2)?
2, 3
Let o(a) = a**3 + 4*a**2 - 4. Let r be o(-2). Suppose r*j + 1 = 101. List the prime factors of j.
5
Let s(x) = -3*x + 10. Let i be s(7). Let w = i - -14. Suppose 0 = -w*a + 42 + 42. List the prime factors of a.
2, 7
Let t = 1244 + -643. List the prime factors of t.
601
Suppose q + 10*q = -1463. Let g(y) = 11*y + 7. Let l be g(-6). Let i = l - q. What are the prime factors of i?
2, 37
Suppose -5*d = -4*m + 4151, m - 3*d + 150 = 1179. What are the prime factors of m?
2, 3, 29
Suppose -4*x + 0*x + 12 = -2*o, 2*x = -4*o + 16. Suppose 7*w - 4*w - x*b = 721, -689 = -3*w - 4*b. List the prime factors of w.
5, 47
Let c(h) = 25*h**2 - 2*h - 1. Suppose -8*o = -3*o - 15. Suppose o*l = -3 - 0. List the prime factors of c(l).
2, 13
Let k be 11*1*((-3)/3)/(-1). Suppose 2*h - k = 11. List the prime factors of h.
11
Suppose 30 = 463*s - 458*s. Let u(j) = 2*j**2 - 8*j - 4. Let y(f) = 2*f. Let h(d) = 2*u(d) + 2*y(d). What are the prime factors of h(s)?
2
List the prime factors of (-11)/(-3) + -4 - (-17584)/12.
5, 293
Let u be ((-6)/18)/((-1)/9). Suppose -237 = -3*t + 5*n, 8*t = u*t + 2*n + 414. List the prime factors of t.
2, 3, 7
Let p(n) = 41*n**3 - 21*n**3 + 0 - 9 - 21*n**3 - 8*n - 7*n**2. Let l be (2 + 0)/(-2) + -5. What are the prime factors of p(l)?
3
Let l = -30 - -5. Let y = l - -12. Let a = y + 28. List the prime factors of a.
3, 5
Let b(r) = -5*r**3 - 39*r**2 - r + 10. What are the prime factors of b(-9)?
5, 101
List the prime factors of (-4 - (-1603 + -2)) + 1.
2, 3, 89
Suppose 0 = -q - 4, -3*q = -4*f + 13 + 31. Let r = 8 - f. Let g = 28 - r. List the prime factors of g.
2, 7
Suppose -2*m + 0 = -8. Suppose 3*v + 2*v - u - 13 = 0, 0 = -v - 2*u - m. Suppose -2*d + 22 = v*z - 6*d, 4*z - d = 58. List the prime factors of z.
3, 5
What are the prime factors of ((12 - 3) + -10)*-2822?
2, 17, 83
Let t = 102 - 66. Suppose 5*k - x - 180 = 0, -k + x = -x - t. Let v = k + -18. List the prime factors of v.
2, 3
List the prime factors of (316/(-8))/(13/(-130)).
5, 79
Let n(t) = 2*t**3 + 4*t**2 - t + 1. Suppose -2*p + 3*g = -7*p - 27, 0 = 3*p + 2*g + 17. Let h be n(p). Let o = h + 20. List the prime factors of o.
2, 3
Suppose 0 = 16*t - 24003 - 7309. List the prime factors of t.
19, 103
Let f = 282 + -100. Suppose -5*y = 4*t - f, y - 5*t = -2*t + 25. What are the prime factors of y?
2, 17
Suppose -2*z + 14 = -4*r, -z + 2*r + 19 = 4*z. Suppose z*l = -l + 196. What are the prime factors of l?
7
What are the prime factors of ((-756)/20 - 6)/(1/(-5))?
3, 73
Suppose 0 = -5*v, -h + 4*v = -3*h + 502. What are the prime factors of h?
251
Suppose 33*a - 1232 = 25*a. List the prime factors of a.
2, 7, 11
Let i(g) = -6*g - 14. Let w be i(-14). Let y(k) = -w*k + 5*k + 4 + 2*k. What are the prime factors of y(-1)?
67
Suppose -2*x + 5*l = -246, -5*x - 2*l - 227 = -871. Let q = 215 - x. Suppose -4*r = -r - q. What are the prime factors of r?
29
Suppose 4*l - 5*y = 3*l + 26, 4*y = -12. Suppose 4*j - l = 13. What are the prime factors of 148/j - 18/27?
2, 3
Suppose -4*m - 14 + 722 = 0. What are the prime factors of m?
3, 59
Suppose 6*l - 2*h = 7*l - 163, -2*h - 473 = -3*l. Suppose -l = -3*d + 288. What are the prime factors of d?
149
Let p = 121 - 208. Let u = 219 + p. List the prime factors of u.
2, 3, 11
Let d = 2 - 1. List the prime factors of d*3 + (-144)/(-3).
3, 17
Let i = 5 + -11. Let w(d) = 2*d + 11. Let z be w(i). What are the prime factors of -28*(2 + z - 2)?
2, 7
Suppose -g + 8 = 4*y + 1, -3*y + 2*g + 19 = 0. List the prime factors of y/(4/84 + 0).
3, 7
List the prime factors of 569 - (14/(-7) + 7).
2, 3, 47
What are the prime factors of ((-408)/(-96))/((-1)/(-72))?
2, 3, 17
Let b(c) = -2*c**3 - 6*c**2 - 42*c - 5. What are the prime factors of b(-6)?
463
Suppose -5*d = -3*c + 2366, -1148 = -c + 5*d - 366. List the prime factors of c.
2, 3, 11
Suppose 20*x = 69*x - 174881. List the prime factors of x.
43, 83
Suppose 35 + 13 = -2*z. Let s = -39 - z. Let q = 29 + s. List the prime factors of q.
2, 7
Let v be 14/8 + -2 - 1785/(-20). Let l = v + -69. What are the prime factors of l?
2, 5
Suppose -4*y + 0*y = -3*w + 3582, 0 = -w - 4*y + 1178. Suppose 3*d = -5*h + 628 + 562, -5*h + 4*d = -w. List the prime factors of h.
2, 7, 17
Suppose 24*y + 503 = 25*y. Let z = y + -276. What are the prime factors of z?
227
Suppose 0*w + 5*w + 2*c - 7 = 0, -3*w - 3*c - 3 = 0. Suppose 2*d - 75 = -w*b + 5*d, 4*d - 32 = -2*b. List the prime factors of b.
2, 11
Let k(d) = 18*d + 12 + 9*d - 11*d. What are the prime factors of k(6)?
2, 3
List the prime factors of 4 - 57*88/(-12).
2, 211
Let p(t) = 2*t + 21. Let h(y) = y**3 - 4*y. Let s be h(2). Let q be p(s). List the prime factors of 3 + q + 0 + -1.
23
Suppose 0 = 4*i - 16, 3*h = -3*i + 24. Suppose -4*n - j + 128 = 0, 128 = h*n + 8*j - 5*j. List the prime factors of n.
2
Let l = -253 + 298. List the prime factors of l.
3, 5
Let y = 9 - 6. Let m be 12/y*2/4. Suppose -4 = -m*u + 4*f, -5*u + 22 = f - 21. List the prime factors of u.
2
Suppose -2*x + 53 = 3*b, -6*x + 5*x = 3*b - 22. Let o = x + 25. What are the prime factors of o?
2, 7
Suppose 0 = 4*o + m - 15, 25 = 4*o - 3*m + 2*m. Suppose -3*s + 173 = 2*q, -3*s + o*q = -s - 109. List the prime factors of s.
3, 19
Let j(m) = -7*m**3 - 15*m**2 + 16*m - 14. Let u(h) = 13*h**3 + 29*h**2 - 31*h + 29. Let s(q) = 11*j(q) + 6*u(q). List the prime factors of s(-9).
2, 5, 11
Let r(w) be the third derivative of w**6/24 + w**5/60 - w**4/12 - w**3/6 - w**2. What are the prime factors of r(3)?
137
Suppose -4*z + 831 = 3*q + 13464, z - 16825 = 4*q. What are the prime factors of (q/4)/(-7) - 2/8?
2, 3, 5
Let k be -3 + (-1 - -1)/(-1). Let q(l) be the third derivative of l**5/12 + l**4/8 + l**3/6 - 70*l**2. What are the prime factors of q(k)?
37
Let d(c) = -c**3 + 8*c**2 + 2*c. Let k be d(7). Suppose 18*w + 166 = 40. Let v = k - w. What are the prime factors of v?
2, 5, 7
What are the prime factors of 4*((-1)/5 - (-4835)/50)?
2, 193
Let x be 0 - -28 - (-5 - -3) - 4. Suppose -186 = x*v - 28*v. What are the prime factors of v?
3, 31
Let v(s) = -3*s**2 + 4*s + 12. Let d be v(9). Let n = 298 + d. List the prime factors of n.
103
Let t = -16 - -57. Let p = -17 + t. Suppose -d + p = 3*d. List the prime factors of d.
2, 3
Let r = -15 - -18. Suppose 0 = 3*t + 3*d - 123, 64 = 2*t - d - r. List the prime factors of t.
2, 3
Let y be ((-56)/(-12))/2*-3. What are the prime factors of -2*(-1)/y + 4718/49?
2, 3
Let p(l) = 12*l - 28. List the prime factors of p(6).
2, 11
Suppose 6*v = 14*v + 928. List the prime factors of ((-18)/6 - v)*1.
113
Let c(j) = -6*j + 8. Let m be c(4). Let b = 6 - m. List the prime factors of b.
2, 11
Let h be 21/3 + 4 + -7. Suppose 4 = -h*n + 3*n, -o + 34 = -n. Suppose -c = -4*x + 15, x - 4*c = 3*x - o. List the prime factors of x.
5
Suppose -5*j + 3*n + 1957 + 1228 = 0, -4*n - 1900 = -3*j. List the prime factors of j.
2, 5
Suppose u - 4*i - 16 = 0, 2*i + 2 = i. Suppose -148 - 44 = -4*b + 2*v, 4*v - u = 0. List the prime factors of b.
7
Let w(r) = -r**3 - 11*r**2 - 11*r - 1. Suppose 9*q - 4*q + 50 = 0. Let n be w(q). What are the prime factors of (0 - -15) + (n - 6)?
2, 3
Let s = -252 + 476. What are the prime factors of s?
2, 7
Let i(p) = 20*p - 75. Suppose 0*n + 2*n - u - 23 = 0, n - u - 13 = 0. List the prime factors of i(n).
5
Suppose -3*z + 21 = -z + o, 0 = z + 3*o - 3. Suppose z*h - 21 = 9*h. What are the prime factors of h?
7
Let c(s) = s**3 - 5*s**2 + 8*s - 4. Let o be c(3). Suppose -435 = -5*z - 2*y, -5*y + 153 = o*z - 0*y. List the prime factors of z.
89
Suppose 6 = -6*s + 5*s. Let h be (-115)/(-35) + s/21. Suppose -o + 12 = -h. What are t